) = -5*z + 615 + 614 + 612 + 606 - 2472. Calculate q(-8).
15
Let m(d) = -6*d + 0*d + 2*d - 2*d**3 - 4*d**2 - 2. Let h(c) = -3*c**2 + 109*c + 908. Let l be h(-7). Calculate m(l).
6
Let c be 2/4*(-255 + 263). Let j(t) = 6*t**2 - 8*t + 8. Let q(m) = m**2. Let r(n) = j(n) - 5*q(n). Let f be r(c). Let h(k) = 2*k + 12. Give h(f).
-4
Let x(v) = -6*v**2 - v + 3. Let q(a) = -a + 5. Let i be q(10). Let r(u) = u**2 - u - 1. Let k(n) = i*r(n) - x(n). Give k(-6).
2
Suppose t + 3*a + 3 = -0, -t = -3*a - 3. Suppose t = -7*b + 4*b + 57. Let i(h) = -5 + 3*h - 3 - b*h**2 + h**3 + 26*h**2. What is i(-6)?
10
Let n(v) = 9466 - 28396 + 9470 + 2*v + 9462. Determine n(1).
4
Let o(x) = -x**2 + 11*x - 14. Let i be o(8). Let r(m) = -m**3 + 6*m**2 + 40*m - 7. Let d be r(i). Let f(l) = -l**3 - 7*l**2 + l + 6. Calculate f(d).
-1
Let s(t) = -5*t - 109. Let k(d) = 2*d + 37. Let r(f) = -11*k(f) - 4*s(f). Suppose 0 = -23*m + 49*m - 312. What is r(m)?
5
Let p(u) = 3*u**3 + 0*u**2 + 5*u**3 + 9*u + 2*u**2 - 2 + 0. Let v(y) = -7*y**3 - y**2 - 8*y + 1. Let o(a) = -6*p(a) - 7*v(a). What is o(5)?
15
Let y(c) = 6*c - 576*c**2 + c**3 - 514*c**2 - 3 + 1094*c**2 - 15*c. What is y(-6)?
-21
Let p = -12 - -24. Suppose p*k = 6*k + 18. Let x(g) = 2 + 1 + 30*g**k + 4*g**2 - 31*g**3. Give x(4).
3
Let a(f) = -11*f + 44. Suppose 3*r = -20*r + 92. Determine a(r).
0
Let x(z) = -18*z - 51. Suppose 1073*g - 1093*g = 0. Calculate x(g).
-51
Let j = -367 + 417. Let q = j + -47. Let l(z) = 3*z**2 + 3*z. Determine l(q).
36
Let n = 23 + -18. Suppose -w - 32 = -n*w. Let j(v) = -6 - 47*v + 10*v + 29*v + v**2. What is j(w)?
-6
Let v(i) = 6*i**3 - 11*i**2 + 5*i + 16. Let q(g) = 5*g**3 - 12*g**2 + 4*g + 14. Let k(m) = -5*q(m) + 4*v(m). Give k(16).
-6
Let z(p) be the second derivative of p**6/720 - p**5/60 + 17*p**4/2 + 8*p - 6. Let v(q) be the third derivative of z(q). Calculate v(2).
0
Suppose -3 + 1 = -2*k. Let n(a) = 9*a**2 - k + 3*a**3 - 3 + 0*a**3 - 2*a**3 - 9*a - 5*a**2. Give n(-6).
-22
Suppose -4 = 3*g + 5*x - 3, g - 5 = x. Suppose 3 = g*h + 3*z, z + 6 = 5*h - 5. Let o(y) = -10 + 9 - y + 0*y**2 - 8*y**h. Give o(-1).
-8
Let k be ((-12)/(-2))/((-16)/24). Let o(t) = -14*t + 4. Let z(w) = 5*w - 1. Let s(i) = 6*o(i) + 17*z(i). Let q be s(k). Let v(p) = -3*p. Calculate v(q).
6
Let i(y) = -y**2 - 8*y + 4 + 12*y - 10. Suppose 300 = m + 292. What is i(m)?
-38
Let i(c) = 32*c**2 + 36*c - 26. Let s be i(14). Let u(n) = 3376 + 8*n - s + 3374. Determine u(2).
16
Suppose 5*b - 20 = -3*m - m, 5*b - 20 = -3*m. Let v be (-376)/24 - m - 2/6. Let p(k) = k**3 + 17*k**2 + 16*k - 4. Determine p(v).
-4
Suppose -17 = 3*z + f, -3*z + 1 = -4*z - 5*f. Let h(b) be the second derivative of -b**3/2 - 4*b**2 + 57*b. Calculate h(z).
10
Let m = -17 + 20. Let p(z) = -20*z - 1. Give p(m).
-61
Let v be (88/(-55))/(4/(-50)). Let r = 12 - v. Let f(t) = 15*t**2 - 221*t + 36. Let a(y) = 4*y**2 - 61*y + 9. Let i(w) = -11*a(w) + 3*f(w). Give i(r).
9
Let k(y) = -y - 2. Let v be k(-5). Let j(b) = 5*b**2 + 0*b - 2*b + 1 - 3 + 4341996*b**3 - 4341997*b**3. Calculate j(v).
10
Let w(c) = 60*c - 16. Let j(g) = 16*g - 1. Let y(p) = 3*j(p) - w(p). Calculate y(3).
-23
Let l(c) be the third derivative of 1 + 0*c - 1/24*c**4 + 3*c**2 - 1/3*c**3. Suppose -5*a = 3*b - 3, 4*a - 3 = b - 4. What is l(a)?
-2
Let p(o) = -223*o**2 - 6*o**3 + 5*o**3 + 217*o**2 + 1 + 3 + 4*o. Give p(-6).
-20
Let n(l) be the first derivative of -l**2 + 2*l - 25. Suppose 2*x = 6 + 2. Suppose x = 2*c - r, -4 = -3*c + 5*r + 2. Determine n(c).
-2
Let w(b) = -b**3 - 8*b**2 - 9*b. Let c(o) = 8*o + 2. Let n(l) = l + 1. Let g(a) = 2*c(a) - 22*n(a). Let r = 2066 - 2068. Let i be g(r). Determine w(i).
-18
Let z(f) = f**2 - f - 6. Let a(n) = 3*n**2 - 25*n - 12. Let q(v) = -a(v) + 6*z(v). What is q(-7)?
-10
Let l(w) = -17*w + 128. Let h = 7201 - 7193. Calculate l(h).
-8
Let x(w) = -4*w**2 + 8*w. Let j(u) = u**3 + 22*u**2 - 114*u - 253. Let m be j(-26). Calculate x(m).
-140
Let h(b) = -13*b**2 + b - 6. Let i(u) = 8*u**2 + 5. Let g(r) = -5*h(r) - 8*i(r). Calculate g(6).
-4
Let w be (24/(-10)*1)/(382/955). Let k(y) = -5*y + 5. Let j(g) = -3*g + 2. Let d(x) = 7*j(x) - 4*k(x). Determine d(w).
0
Suppose 0 = 2*f - 3*q + 14 + 22, 5*q = -5*f - 90. Let t(s) = 2*s**2 + 36*s - 2. Give t(f).
-2
Let c(i) = -i**3 + 7*i**2 - i - 3. Let q(r) = -8*r - 36 + 2*r**2 + 31 + r**2. Let t be q(4). Suppose 4*n = -t*n + 105. Determine c(n).
-10
Let m(x) = -2 - 1 + 65*x - 202*x + 71*x + 60*x. Calculate m(-3).
15
Suppose 3*g - 18 = -2*r + 33, 4*r = 2*g + 126. Let k(p) = -10 + r*p + 9 - 35*p. What is k(3)?
-16
Let k(p) = -6673*p + 6691*p + 17 + 9 + 3*p**2. Determine k(-4).
2
Let h(d) = 23*d - 136. Let k = 6695 - 6689. Determine h(k).
2
Let q(m) = 13*m**2 - 13*m + 7. Let i(g) = 2*g**2 - g + 1. Let b(v) = -6*i(v) + q(v). What is b(10)?
31
Let x(b) be the third derivative of b**4/12 - b**3/3 + 2465*b**2. Calculate x(3).
4
Let w(v) = -v**2 - 66 + 146 - 22 - 66. Determine w(6).
-44
Let s(p) = -67*p + 9443. Let q be s(141). Let x(h) = 0*h + h + 7 + h. Determine x(q).
-1
Let b(r) = -r - 8. Let g = 66 + -57. Let k be -6*6/g - 0. What is b(k)?
-4
Let h(y) = -y**3 - 6*y**2 + 5*y - 7. Suppose 46*w = 18*w - 196. What is h(w)?
7
Suppose a - 3 = -4, -m - 3*a = 16. Let z(f) = -6*f**3 + f**2 - f. Let d(t) = -29*t**3 + 17*t**2 - 17*t + 3. Let o(n) = -d(n) + 5*z(n). Give o(m).
10
Let b(m) = -m**3 + 3*m**2 + 4*m + 10. Let w be 17 + -26 - -3*6 - 6. Calculate b(w).
22
Let n(i) = 7*i. Let j(a) = a**2 - 14*a - 387. Let s be j(0). Let t = s - -386. What is n(t)?
-7
Let d(m) be the first derivative of m**4/2 - 3*m**3 - 5*m**2/2 + 4*m - 893. Determine d(5).
4
Let v(c) = 4*c**2 + 2*c + 1. Let g(u) = -5*u - 7*u + 139 - 127. Let p be g(0). Let j be p/42 + 27/42*-2. Calculate v(j).
3
Let t(i) = 2*i - 8. Let o be t(6). Let r(j) = -j - 1. Let v(h) = 7*h + 3. Let b = 4784 - 4783. Let y(g) = b*v(g) + o*r(g). What is y(1)?
2
Let p(w) = 3*w**3 - 4*w**2 + 2. Suppose -113*k + 110*k = -6. Determine p(k).
10
Let o(l) = -6*l - 17. Let p(m) be the first derivative of -m**2 - 7*m + 392. Let x(z) = -2*o(z) + 5*p(z). Let i(y) = y**2 - 1. Let h be i(-2). What is x(h)?
5
Let l = -88513/120 + 5901/8. Let m(a) be the third derivative of 0 + l*a**5 - 26*a**2 + 5/24*a**4 + 1/6*a**3 + 0*a. Calculate m(-6).
7
Let w(x) = x**3 + 9*x**2 - 12*x - 7. Let n = 5330 + -5340. Calculate w(n).
13
Let a(l) = l - 54. Let g be ((-2265)/(-150) - 2/4) + 6/(-10). Give a(g).
-40
Let v(w) be the third derivative of -w**6/60 - w**5/60 + w**4/6 + w**3/2 - 159*w**2 - 2. Give v(0).
3
Let a(h) = -43*h**2 + 51*h**2 + 13*h - 16*h**2 + h**3. Calculate a(3).
-6
Suppose 3256 = -80*h + 168*h. Let b(w) be the first derivative of -1/4*w**4 + 1/2*w**2 - 2*w - h - 4/3*w**3. What is b(-4)?
-6
Suppose 32*z = -117 + 373. Let j(a) = -9*a**2 + 20*a - 22. Let o(p) = 5*p**2 - 10*p + 11. Let k(i) = 4*j(i) + 7*o(i). Calculate k(z).
5
Suppose -n = 3*x - 5, -4*x - 4 + 9 = 3*n. Let d(c) = x*c**3 - 6*c**3 - c + 9 + 7*c**3 - 4*c**3. What is d(0)?
9
Suppose -2456*l + 2463*l = -61 - 9. Let o(n) = -3*n + 2*n - 8 - n**3 - n**2 - 9*n**2. Give o(l).
2
Let f(u) be the second derivative of u**5/20 - 11*u**4/12 + 9*u**3/2 - 12*u**2 - 2179*u. Determine f(8).
0
Let d(r) = 27*r**2 + 23*r + 2. Suppose 0 = 3*y + 3*n + n + 17, -3*n = -4*y - 31. Let w(b) = -14*b**2 - 13*b - 1. Let p(k) = y*w(k) - 4*d(k). Calculate p(-1).
-10
Let j(n) = -n**3 - 8*n**2 + 132*n + 51. Let r be j(-16). Let y(c) = -c**3 - 13*c**2 + c + 6. Give y(r).
-7
Let w(b) = -19*b + 35. Let l(m) = -10*m + 18. Let f(r) = 5*l(r) - 3*w(r). Let y(p) = 9*p - 17. Let u(v) = 5*f(v) - 4*y(v). Calculate u(5).
-12
Suppose -1 + 6 = 5*g - 2*r, 3*g - r = 2. Let z(y) = -74*y**2 - 5*y - 93. Let u(c) = -14*c**2 - c - 17. Let x(p) = -11*u(p) + 2*z(p). Calculate x(g).
6
Let x(r) = 96*r - 1628. Let q be x(17). Let a(k) be the third derivative of k**6/120 - k**5/15 + k**4/24 - k**3/2 - 2*k**2. What is a(q)?
1
Let i(v) = 3*v**3 - 18*v**2 - 11*v + 8. Let r(f) = -2*f**3 + 13*f**2 + 9*f - 7. Let u(s) = 3*i(s) + 4*r(s). What is u(4)?
40
Let f(j) = 4*j + 1. Let d be (1 - (-5)/3)*60/(-40). Let n(o) = 4*o + 26. Let x be n(d). Let w be ((-7)/(-35)*4)/((-4)/x). Determine f(w).
-7
Let n(l) = l - 5*l + 6 + 2*l - 2*l + 5*l. Determine n(-13).
-7
Let i(l) be the third derivative of 7/24*l**4 - 4*l**2 - 1/